
Is 783 a multiple of 7?
False
Is 120 a multiple of 20?
True
Does 28 divide 4184?
False
Is 3 a factor of 275?
False
Does 208 divide 8112?
True
Is 204 a factor of 10608?
True
Does 74 divide 77478?
True
Is 64528 a multiple of 74?
True
Is 8 a factor of 19768?
True
Is 30031 a multiple of 59?
True
Is 66294 a multiple of 21?
False
Is 27 a factor of 351?
True
Is 3 a factor of 27?
True
Is 74 a factor of 9990?
True
Is 352 a multiple of 9?
False
Is 12 a factor of 54?
False
Does 47 divide 17531?
True
Is 95 a factor of 2945?
True
Is 842 a multiple of 39?
False
Is 1056 a multiple of 48?
True
Does 6 divide 21720?
True
Is 27 a factor of 864?
True
Is 4 a factor of 9809?
False
Is 422 a multiple of 5?
False
Does 22 divide 2178?
True
Is 10659 a multiple of 17?
True
Is 162 a multiple of 27?
True
Is 5 a factor of 6921?
False
Does 17 divide 614?
False
Is 11890 a multiple of 41?
True
Does 6 divide 4881?
False
Does 7 divide 4127?
False
Is 90 a factor of 29453?
False
Is 48 a factor of 6672?
True
Is 5776 a multiple of 10?
False
Is 9 a factor of 1944?
True
Does 11 divide 7985?
False
Is 2078 a multiple of 56?
False
Is 7210 a multiple of 92?
False
Is 65 a multiple of 2?
False
Is 34986 a multiple of 187?
False
Does 113 divide 4068?
True
Is 22 a factor of 7700?
True
Does 107 divide 40976?
False
Does 40 divide 1758?
False
Is 4 a factor of 1314?
False
Is 228 a multiple of 3?
True
Does 78 divide 1760?
False
Is 8 a factor of 43?
False
Does 51 divide 131121?
True
Does 30 divide 870?
True
Is 6935 a multiple of 14?
False
Does 83 divide 2305?
False
Is 163 a factor of 8802?
True
Is 36 a factor of 396?
True
Does 23 divide 3749?
True
Is 980 a multiple of 49?
True
Does 93 divide 82119?
True
Is 2410 a multiple of 82?
False
Does 3 divide 169?
False
Is 25 a factor of 480?
False
Does 10 divide 500?
True
Is 10 a factor of 90?
True
Does 6 divide 217?
False
Is 94 a factor of 3087?
False
Is 132 a multiple of 10?
False
Does 108 divide 54153?
False
Is 5 a factor of 260?
True
Is 69 a factor of 2070?
True
Does 14 divide 336?
True
Is 11163 a multiple of 30?
False
Is 70 a factor of 995?
False
Does 16 divide 2082?
False
Is 6624 a multiple of 138?
True
Is 3699 even?
False
Is 39 a factor of 429?
True
Does 13 divide 195?
True
Does 10 divide 650?
True
Is 1912 a multiple of 4?
True
Does 62 divide 31434?
True
Is 33 a factor of 7788?
True
Is 50 a factor of 1300?
True
Is 2664 a multiple of 37?
True
Is 3931 a multiple of 97?
False
Does 27 divide 482?
False
Is 11 a factor of 30712?
True
Is 233 a factor of 1650?
False
Is 13 a factor of 156?
True
Is 10 a factor of 1048?
False
Is 225 a factor of 114525?
True
Does 20 divide 4200?
True
Does 185 divide 21460?
True
Does 92 divide 49864?
True
Does 2 divide 1668?
True
Is 12 a factor of 840?
True
Is 530 a multiple of 5?
True
Is 57584 a multiple of 244?
True
Is 644 a multiple of 14?
True
Is 22 a factor of 565?
False
Does 242 divide 21730?
False
Does 78 divide 4836?
True
Is 25345 a multiple of 24?
False
Does 27 divide 8357?
False
Is 31 a factor of 5118?
False
Is 1884 a multiple of 57?
False
Is 11 a factor of 26400?
True
Does 9 divide 29439?
True
Is 10 a factor of 3480?
True
Is 16068 a multiple of 12?
True
Is 72646 a multiple of 18?
False
Is 2 a factor of 748?
True
Does 127 divide 9271?
True
Is 149 a factor of 39332?
False
Is 132 a multiple of 4?
True
Is 23145 a multiple of 20?
False
Is 43 a factor of 5160?
True
Is 15124 a multiple of 38?
True
Is 23400 a multiple of 25?
True
Does 4 divide 248?
True
Does 6 divide 14202?
True
Is 39071 a multiple of 33?
False
Is 8 a factor of 12023?
False
Is 59073 a multiple of 87?
True
Does 28 divide 5012?
True
Is 269 a factor of 18561?
True
Does 4 divide 5347?
False
Does 2 divide 1250?
True
Is 277 a factor of 7454?
False
Is 1058 a multiple of 12?
False
Does 39 divide 967?
False
Is 4863 a multiple of 21?
False
Is 62 a factor of 10168?
True
Is 48 a factor of 1152?
True
Does 69 divide 23728?
False
Does 5 divide 3840?
True
Is 9 a factor of 25567?
False
Does 44 divide 5800?
False
Is 4 a factor of 872?
True
Is 7515 a multiple of 167?
True
Is 177 a multiple of 9?
False
Does 76 divide 3897?
False
Is 14 a factor of 334?
False
Is 5 a factor of 820?
True
Does 16 divide 3157?
False
Does 6 divide 1182?
True
Is 1431 a multiple of 53?
True
Is 16 a factor of 435?
False
Is 7 a factor of 4599?
True
Is 1498 a multiple of 2?
True
Is 619 a multiple of 110?
False
Is 10695 a multiple of 69?
True
Does 3 divide 39?
True
Does 83 divide 4265?
False
Does 2 divide 3774?
True
Is 7 a factor of 334?
False
Does 51 divide 9405?
False
Is 4 a factor of 18506?
False
Is 6 a factor of 748?
False
Does 94 divide 43846?
False
Is 13804 a multiple of 7?
True
Is 16 a factor of 33522?
False
Does 3 divide 175?
False
Does 6 divide 168?
True
Is 46 a factor of 1454?
False
Does 2 divide 5036?
True
Is 27 a factor of 872?
False
Is 11 a factor of 6478?
False
Does 6 divide 144?
True
Is 2875 even?
False
Does 52 divide 24877?
False
Is 305 a multiple of 2?
False
Is 62 a factor of 3445?
False
Is 78975 a multiple of 81?
True
Does 16 divide 2498?
False
Is 270 a multiple of 10?
True
Does 27 divide 567?
True
Does 16 divide 384?
True
Is 41 a factor of 492?
True
Is 29 a factor of 765?
False
Does 32 divide 13184?
True
Is 10546 even?
True
Is 4656 a multiple of 16?
True
Is 16 a factor of 61?
False
Is 157 a multiple of 2?
False
Does 168 divide 10796?
False
Does 44 divide 860?
False
Is 85 a factor of 68000?
True
Is 7 a factor of 8764?
True
Is 23 a factor of 93472?
True
Is 931 a multiple of 49?
True
Is 12 a factor of 118956?
True
Is 32648 a multiple of 11?
True
Does 219 divide 58692?
True
Does 27 divide 189?
True
Is 7 a factor of 2309?
False
Is 4 a factor of 8?
True
Is 17576 a multiple of 8?
True
Is 1044 a multiple of 29?
True
Is 4173 a multiple of 39?
True
Is 141 even?
False
Is 1640 a multiple of 20?
True
Does 29 divide 1595?
True
Is 7566 a multiple of 97?
True
Does 35 divide 70182?
False
Is 27 a factor of 1998?
True
Does 21 divide 48117?
False
Is 14780 a multiple of 173?
False
Is 26 a factor of 9542?
True
Is 63 a factor of 9009?
True
Is 105963 a multiple of 209?
True
Does 17 divide 1925?
False
Is 16002 a multiple of 92?
False
Is 17 a factor of 57127?
False
Does 4 divide 1992?
True
Is 82 a factor of 7797?
False
Does 12 divide 11328?
True
Does 47 divide 47?
True
Is 6171 a multiple of 140?
False
Is 588 a multiple of 28?
True
Does 21 divide 2120?
False
Is 16 a factor of 22171?
False
Is 368 a multiple of 8?
True
Is 87637 a multiple of 341?
True
Does 33 divide 32901?
True
Does 11 divide 792?
True
Does 12 divide 1178?
False
Is 3 a factor of 78?
True
Does 125 divide 28920?
False
Does 15 divide 30?
True
Is 1198 a multiple of 85?
False
Is 23673 a multiple of 16?
False
Is 9 a factor of 1143?
True
Is 40 a factor of 3513?
False
Is 457 a multiple of 13?
False
Is 66 a factor of 8646?
True
Does 43 divide 928?
False
Does 16 divide 448?
True
Does 35 divide 10885?
True
Does 20 divide 1580?
True
Is 24 a factor of 8400?
True
Is 4158 a multiple of 97?
False
Is 179 a factor of 3580?
True
Does 16 divide 999?
False
Does 45 divide 9713?
False
Is 2821 a multiple of 46?
False
Is 33 a factor of 576?
False
Is 23 a factor of 97757?
False
Does 90 divide 1260?
True
Is 776 even?
True
Is 16 a factor of 1328?
True
Is 11 a factor of 42647?
True
Does 151 divide 65987?
True
Does 8 divide 392?
True
Does 3 divide 578?
False
Does 15 divide 405?
True
Is 5253 a multiple of 18?
False
Is 50 a factor of 4850?
True
Is 2880 a multiple of 36?
True
Is 31 a factor of 30579?
False
Is 140 a factor of 34860?
True
Is 956 a multiple of 4?
True
Is 36 a factor of 12342?
False
Is 31 a factor of 2466?
False
Is 6501 a multiple of 11?
True
Is 406 a multiple of 49?
False
Does 13 divide 6412?
False
Is 17 a factor of 2142?
True
Is 6 a factor of 3390?
True
Is 39765 a multiple of 11?
True
Is 51 a factor of 5365?
False
Is 29 a factor of 4988?
True
Does 5 divide 6048?
False
Is 24120 a multiple of 36?
True
Is 2476 a multiple of 15?
False
Is 87 a factor of 9309?
True
Is 80 a multiple of 4?
True
Is 83 a factor of 146?
False
Is 39 a factor of 15651?
False
Is 7178 a multiple of 241?
False
Is 17910 a multiple of 10?
True
Is 17 a factor of 25262?
True
Is 390 a multiple of 78?
True
Does 27 divide 179?
False
Is 4828 a multiple of 17?
True
Does 34 divide 17510?
True
Is 54 a multipl